he prime factors of l(0).
2, 139
Let g = 0 - -25. List the prime factors of g.
5
Let c be (-28)/3 + (-8)/12. Let m be 2/(3/(c + 1)). What are the prime factors of (2/m)/((-4)/24)?
2
Let m be (4 - 0)*3/1. What are the prime factors of 3/(-2)*(-88)/m?
11
Suppose 5*r = 2*r + 12. Let a(p) = 4*p + 1. List the prime factors of a(r).
17
Suppose 4*i = -3 - 9. Suppose -21 = -5*f + f + 3*m, 0 = -5*f + 2*m + 35. Let h = f + i. What are the prime factors of h?
2, 3
Let p(b) = 0*b**2 - b**2 - 1 + 5 - 6*b. What are the prime factors of p(-4)?
2, 3
Let y be 5/(-15)*(-30)/1. Let g = -6 + y. What are the prime factors of g?
2
Suppose -2*c - 5*q = 189, c = -c - 3*q - 195. Let r = c - -73. Let y = 42 + r. What are the prime factors of y?
13
Let b(p) = -p**2 + 7*p - 4. Let n be b(6). Suppose -a = n*a - 27. List the prime factors of a.
3
Let f(p) = 10*p - 52. What are the prime factors of f(6)?
2
Suppose 4*t + 5*c + 6 = -1, -5*c - 9 = 3*t. Suppose -k - 5 = -t*k. Suppose -6*x - k*z = -x - 25, -4*x - 2*z = -28. What are the prime factors of x?
3
Let v be (-1)/((-2 + 1)/81). Suppose 5*s + 59 = -4*f - 12, -3*s - v = 4*f. Let a = f + 34. List the prime factors of a.
2, 5
Let c = -80 + 53. Let n = 44 + c. List the prime factors of n.
17
Let f = 1 + 7. Suppose -4*g + f = -16. Let x = g + -3. What are the prime factors of x?
3
Let h(i) = -i. Let v be h(-2). Let w(o) = o + 2*o - 1 - 3*o + 2*o**2. List the prime factors of w(v).
7
Suppose 0 = -4*p - 20 + 52. Suppose 0 = -4*m + p, -4*m = 2*j + j - 14. List the prime factors of j.
2
Suppose l - 1 = 0, 4*l - 2 = k - 0*l. Suppose -5*o + 75 = 3*p, -o + 0*p + 2 = -k*p. What are the prime factors of o?
2, 3
What are the prime factors of 17*1 + (6 - 6)/1?
17
Suppose 3*k + 1 = 16. Suppose 8 = 2*d - 4*y, k*y + 12 + 19 = -d. Let z(s) = s**3 + 7*s**2 + 6*s + 8. What are the prime factors of z(d)?
2
Let h = 22 + -14. Suppose 3*n = -3*l + 84, 0*l = l + 4*n - 28. What are the prime factors of 36/h*l/6?
3, 7
Let j = 9 - -55. List the prime factors of j.
2
Suppose 10*w - 5*w = 80. Suppose d = -d + w. What are the prime factors of d?
2
Let t = -14 + 42. List the prime factors of t.
2, 7
Suppose 19*k = 15*k + 124. List the prime factors of k.
31
Suppose -28 = -3*j + h + 159, -8 = 2*h. What are the prime factors of j?
61
Let g be -3 + 3 + (-6 - 3). What are the prime factors of (g/3)/((-6)/8)?
2
Suppose 0*s + s = 2. Suppose -4*r = -3*v + 10, 4*v - s*r - 2*r = 20. List the prime factors of v.
2, 5
Let a = 133 + -67. What are the prime factors of a?
2, 3, 11
Let d = -5 + 8. Suppose -3*p - 2*y - y = -3, d*p + y - 11 = 0. Suppose -p*a + 24 = -3*a. List the prime factors of a.
2, 3
List the prime factors of ((-1490)/15)/((-2)/3).
149
What are the prime factors of 1350/21 + 8/(-28)?
2
Let t = 39 + -18. Suppose 34 = -3*k - 2. Let n = t + k. What are the prime factors of n?
3
Let l(j) be the first derivative of -j**3/3 - j**2/2 + 7*j - 3. Let c be l(5). Let k = -14 - c. List the prime factors of k.
3
Let m(t) = -9*t**3 - 1. Let z be m(1). Suppose 4*k + 6 = -6. Let g = k - z. What are the prime factors of g?
7
Let d(t) = 2*t + 2. Let j = 8 - 6. Let k be (8/10)/(j/5). List the prime factors of d(k).
2, 3
Let y(v) = v**3 + v**2 - v. Let t(s) = 4*s**2 - 1. Let q(n) = -t(n) + 2*y(n). What are the prime factors of q(2)?
5
Suppose 221 = 5*d - 4*y, -3*d + 3*y + 134 = 2*y. Let p = 4 + 5. Suppose 0 = 4*n - d + p. What are the prime factors of n?
3
Let j(m) be the second derivative of -m**4/24 + 2*m**3/3 - m**2/2 + 3*m. Let q(n) be the first derivative of j(n). List the prime factors of q(0).
2
Let g be (-21)/14*(-14)/(-3). Let o = 27 - g. What are the prime factors of o?
2, 17
Let y(s) = -s**2 - 9*s - 4. Let a(d) = -6*d**2 - 1. Let h be a(1). Let v be y(h). Let j(w) = w**3 - 11*w**2 + 13*w - 9. List the prime factors of j(v).
3, 7
Suppose -3*d = -2*l - 43, d + 15 = -4*l + 34. Let i = d - 11. What are the prime factors of i?
2
Suppose 0 = a - 0*a - 85. List the prime factors of a.
5, 17
Let j(q) = -5*q - 1. Let g be j(-1). Let c be (-36)/21*(-14)/g. Suppose -2*f - c = 3*n - 24, 4*n - 5*f - 47 = 0. List the prime factors of n.
2
Let q = 225 + -146. What are the prime factors of q?
79
Suppose 2*p = -96 + 274. What are the prime factors of p?
89
Let s be 8 + -9 + 1*5. Suppose -s = -5*x + 11. What are the prime factors of x?
3
Let c be (8/(-2) + 2)*2. Let p(a) = a**3 + 4*a**2 + 4. Let k be p(c). What are the prime factors of 2/(-4) + 10/k?
2
Suppose -1 - 1 = n - 2*o, 0 = -5*o + 10. Suppose 0 = -3*j - 5*s - 11, -2*j + s + n*s = -18. Suppose -j*a = -2*a - 4. What are the prime factors of a?
2
Let r = 274 - 187. List the prime factors of r.
3, 29
Let f be 20*(2 - (-22)/(-8)). Suppose -4*v - 34 - 6 = 0. Let z = v - f. List the prime factors of z.
5
List the prime factors of 4*1 - (13 + -22).
13
Let a(w) = -2*w**3 - 5*w**2 - 3*w - 22. What are the prime factors of a(-4)?
2, 19
Let x be 6/(-5)*(-450)/12. Let y = -23 + x. What are the prime factors of y?
2, 11
Suppose -107 = -5*c + 3*w, -2*c - 3*c - 2*w = -112. What are the prime factors of c?
2, 11
Suppose 5*z - g = 437, -3*z + 3*g + 265 = g. Suppose 3*t - z = -5*l, 2*t = -5*l + 70 + 18. Suppose 2*x = 3*x - l. What are the prime factors of x?
2, 3
Let f(o) = -9*o**3 + 5*o**2 + o + 3. Let a(i) = -9*i**3 + 6*i**2 + i + 4. Let m(d) = -3*a(d) + 4*f(d). List the prime factors of m(-1).
2, 5
Let u(p) = 55*p. What are the prime factors of u(1)?
5, 11
Let i = -116 - -166. Let j(m) = m - 1. Let k be j(3). Suppose -k*u = -7*u + i. List the prime factors of u.
2, 5
Let s be 484/12 + (-2)/6. Suppose 5*a - s + 10 = 0. What are the prime factors of 1 + 2/(a/15)?
2, 3
Suppose -5*c - 7 = 4*a + 34, 2*c = -10. What are the prime factors of 2 + (0 - -46) + a?
2, 11
What are the prime factors of 46/8*(-4)/(-1)?
23
Suppose -3*q - 7 + 19 = 3*u, 3*u - q = 8. Let z be (u/2)/((-6)/(-8)). Suppose -12 - z = -r. What are the prime factors of r?
2, 7
Let n(g) be the third derivative of -g**4/12 + g**3/2 + 3*g**2. List the prime factors of n(-2).
7
Suppose 4*b - l = -4, -b = l + 4 + 2. Let q = -5 - 0. Let i = b - q. What are the prime factors of i?
3
What are the prime factors of -5*2*(-133)/14 + 3?
2, 7
Let z(p) = -p + 12. Let x be z(7). Suppose -2*u = -x - 17. List the prime factors of u.
11
Let j(t) = 3*t**3 - 3*t**2 - 2*t. Suppose 3*f = 0, -3*l - 2*l + 4*f + 15 = 0. List the prime factors of j(l).
2, 3
Let o = -57 - -100. List the prime factors of o.
43
List the prime factors of 344/2*(-33)/(-44).
3, 43
Let d = 5 - 2. Suppose 0 = d*g - 3*l - 30, -2*l + 4*l - 16 = -4*g. List the prime factors of g.
2, 3
Let y(h) = h**3 + 5*h**2 + 4*h + 1. Let k be y(-4). Suppose 5*p - k = 44. List the prime factors of (-32)/3*p/(-6).
2
Let v(o) = -o**3 - 6*o**2 - 4*o - 8. Let l be v(-6). List the prime factors of l/2*5/5.
2
Let z be (33/9)/((-1)/3). Let w = z - -18. List the prime factors of w.
7
Let g = 33 + -10. What are the prime factors of g?
23
Let m(i) = 14*i**3 + 14*i**2 - 12*i. Let n(p) = 5*p**3 + 5*p**2 - 4*p. Let x(f) = -3*m(f) + 8*n(f). List the prime factors of x(-3).
2, 3
Let j(u) = u**3 + 4*u**2 + 2*u + 1. Suppose -2*q + 3*h = 6, -3*h + 4*h + 3 = -q. Let y be j(q). Suppose 0 = -g + 4 + y. List the prime factors of g.
2
Let y(l) = l**2 + 3. Let s be y(0). What are the prime factors of (-22)/((-1)/(s/6))?
11
Let x = -217 + 324. List the prime factors of x.
107
Suppose a = 4 - 1. List the prime factors of 2 + (7 - a) - 2.
2
Suppose 10*z = 14*z - 268. List the prime factors of z.
67
Let i be 2/2*(2 + 3). Let u be (-5)/(i/(-6)) - 1. Suppose -3*g = -u*z + 2 + 7, 4*z - 22 = -5*g. List the prime factors of z.
3
Let g = 7 + -2. Suppose 5*x + 3*k - 4 = 0, 0 = 3*x - g*x + 2*k + 8. Suppose y + 0*y = x*q - 5, 0 = 3*y - 5*q + 10. List the prime factors of y.
5
Suppose 3*a + 843 = 3*r, 2*a - 913 = -5*r + 506. What are the prime factors of r?
283
Suppose 5*l - 2*l + 27 = 4*z, 3*z = l + 19. Suppose -15 = -u - 3*f + z*f, 0 = -3*u - 2*f + 34. List the prime factors of (-3)/9 + 40/u.
3
Suppose -3*p - 7*p = -1140. What are the prime factors of p?
2, 3, 19
Let i = -1 - -6. Suppose i*x + 2*u = 36, -7 = 4*u + 1. List the prime factors of x.
2
Let d(i) = 17*i**2 + 12*i + 11. Let u(f) = 4*f**2 + 3*f + 3. Let w(x) = -2*d(x) + 9*u(x). List the prime factors of w(-4).
5
Supp